{"id":1278,"date":"2025-10-26T20:42:41","date_gmt":"2025-10-26T23:42:41","guid":{"rendered":"https:\/\/www.culturapesadamendoza.com\/?post_type=podcast&#038;p=1278"},"modified":"2025-10-26T20:42:41","modified_gmt":"2025-10-26T23:42:41","slug":"protesta-y-sobrevivi-por-3-mangos","status":"publish","type":"podcast","link":"https:\/\/www.culturapesadamza.com\/?podcast=protesta-y-sobrevivi-por-3-mangos","title":{"rendered":"PROTESTA Y SOBREVIVI : POR 3 MANGOS"},"content":{"rendered":"<div id=\":nz\" class=\"ii gt\">\n<div id=\":ny\" class=\"a3s aiL\">\n<div dir=\"ltr\">\n<div dir=\"ltr\">\n<div>Por Federico Birkenfield<\/div>\n<div><\/div>\n<div>\u00bfQue se sentira ser un numero ?, \u00bfQue se sentira ser la banda mas odiada del momento?.<\/div>\n<div>probablemente Fred Durst nunca se hizo tales preguntas, aunque intu\u00eda que con el \u00e9xito invariablemente ven\u00edan las presiones y las contradicciones.<\/div>\n<div>Achacarles de advenedizos sin talento es muchisimos, por que los tipos patearon \u00ednfimos reductos en pos de tocar su m\u00fasica. Y por lo general los fans de la m\u00fasica pesada les pedimos autenticidad y garra a nuestros artistas favoritos. que mas autentico puede ser girar en vans, dormir mal, tener de dieta habitual pizzas y panchos.cuanto mas podemos pedir?, por suerte estos tipos del mas recondito lugar de estados unidos(JAcksonville) nunca se dejaron amedrentar por la industria e insistieron a base de shows hasta llegar al disco debut.<\/div>\n<div>Olvidate todo lo que leiste y escuchaste sobre estos yankees , escucha y decid\u00ed por vos mismo(algo que en esta realidad es casi una utop\u00eda).<\/div>\n<\/div>\n<div class=\"yj6qo\"><\/div>\n<div class=\"adL\"><\/div>\n<\/div>\n<div class=\"adL\"><\/div>\n<\/div>\n<\/div>\n<div id=\":oc\" class=\"hq gt\"><\/div>\n","protected":false},"excerpt":{"rendered":"<p>Por Federico Birkenfield \u00bfQue se sentira ser un numero ?, \u00bfQue se sentira ser la banda mas odiada del momento?. probablemente Fred Durst nunca se hizo tales preguntas, aunque intu\u00eda que con el \u00e9xito invariablemente ven\u00edan las presiones y las contradicciones. Achacarles de advenedizos sin talento es muchisimos, por que [&hellip;]<\/p>\n","protected":false},"featured_media":1279,"template":"","podcastfilter":[53],"class_list":["post-1278","podcast","type-podcast","status-publish","has-post-thumbnail","hentry","podcastfilter-podcast"],"yoast_head":"<!-- This site is optimized with the Yoast SEO plugin v25.5 - https:\/\/yoast.com\/wordpress\/plugins\/seo\/ -->\n<title>PROTESTA Y SOBREVIVI : POR 3 MANGOS - Cultura Pesada Mendoza Radio<\/title>\n<meta name=\"robots\" content=\"index, follow, max-snippet:-1, max-image-preview:large, max-video-preview:-1\" \/>\n<link rel=\"canonical\" href=\"https:\/\/www.culturapesadamza.com\/?podcast=protesta-y-sobrevivi-por-3-mangos\" \/>\n<meta property=\"og:locale\" content=\"es_ES\" \/>\n<meta property=\"og:type\" content=\"article\" \/>\n<meta property=\"og:title\" content=\"PROTESTA Y SOBREVIVI : POR 3 MANGOS - Cultura Pesada Mendoza Radio\" \/>\n<meta property=\"og:description\" content=\"Por Federico Birkenfield \u00bfQue se sentira ser un numero ?, \u00bfQue se sentira ser la banda mas odiada del momento?. probablemente Fred Durst nunca se hizo tales preguntas, aunque intu\u00eda que con el \u00e9xito invariablemente ven\u00edan las presiones y las contradicciones. Achacarles de advenedizos sin talento es muchisimos, por que [&hellip;]\" \/>\n<meta property=\"og:url\" content=\"https:\/\/www.culturapesadamza.com\/?podcast=protesta-y-sobrevivi-por-3-mangos\" \/>\n<meta property=\"og:site_name\" content=\"Cultura Pesada Mendoza Radio\" \/>\n<meta property=\"og:image\" content=\"https:\/\/www.culturapesadamza.com\/wp-content\/uploads\/2025\/10\/WhatsApp-Image-2025-10-26-at-19.49.22.jpeg\" \/>\n\t<meta property=\"og:image:width\" content=\"1280\" \/>\n\t<meta property=\"og:image:height\" content=\"1280\" \/>\n\t<meta property=\"og:image:type\" content=\"image\/jpeg\" \/>\n<meta name=\"twitter:card\" content=\"summary_large_image\" \/>\n<meta name=\"twitter:label1\" content=\"Tiempo de lectura\" \/>\n\t<meta name=\"twitter:data1\" content=\"1 minuto\" \/>\n<script type=\"application\/ld+json\" class=\"yoast-schema-graph\">{\"@context\":\"https:\/\/schema.org\",\"@graph\":[{\"@type\":\"WebPage\",\"@id\":\"https:\/\/www.culturapesadamza.com\/?podcast=protesta-y-sobrevivi-por-3-mangos\",\"url\":\"https:\/\/www.culturapesadamza.com\/?podcast=protesta-y-sobrevivi-por-3-mangos\",\"name\":\"PROTESTA Y SOBREVIVI : POR 3 MANGOS - Cultura Pesada Mendoza Radio\",\"isPartOf\":{\"@id\":\"http:\/\/www.culturapesadamza.com\/#website\"},\"primaryImageOfPage\":{\"@id\":\"https:\/\/www.culturapesadamza.com\/?podcast=protesta-y-sobrevivi-por-3-mangos#primaryimage\"},\"image\":{\"@id\":\"https:\/\/www.culturapesadamza.com\/?podcast=protesta-y-sobrevivi-por-3-mangos#primaryimage\"},\"thumbnailUrl\":\"https:\/\/www.culturapesadamza.com\/wp-content\/uploads\/2025\/10\/WhatsApp-Image-2025-10-26-at-19.49.22.jpeg\",\"datePublished\":\"2025-10-26T23:42:41+00:00\",\"breadcrumb\":{\"@id\":\"https:\/\/www.culturapesadamza.com\/?podcast=protesta-y-sobrevivi-por-3-mangos#breadcrumb\"},\"inLanguage\":\"es-AR\",\"potentialAction\":[{\"@type\":\"ReadAction\",\"target\":[\"https:\/\/www.culturapesadamza.com\/?podcast=protesta-y-sobrevivi-por-3-mangos\"]}]},{\"@type\":\"ImageObject\",\"inLanguage\":\"es-AR\",\"@id\":\"https:\/\/www.culturapesadamza.com\/?podcast=protesta-y-sobrevivi-por-3-mangos#primaryimage\",\"url\":\"https:\/\/www.culturapesadamza.com\/wp-content\/uploads\/2025\/10\/WhatsApp-Image-2025-10-26-at-19.49.22.jpeg\",\"contentUrl\":\"https:\/\/www.culturapesadamza.com\/wp-content\/uploads\/2025\/10\/WhatsApp-Image-2025-10-26-at-19.49.22.jpeg\",\"width\":1280,\"height\":1280},{\"@type\":\"BreadcrumbList\",\"@id\":\"https:\/\/www.culturapesadamza.com\/?podcast=protesta-y-sobrevivi-por-3-mangos#breadcrumb\",\"itemListElement\":[{\"@type\":\"ListItem\",\"position\":1,\"name\":\"Inicio\",\"item\":\"http:\/\/www.culturapesadamza.com\/\"},{\"@type\":\"ListItem\",\"position\":2,\"name\":\"Podcast\",\"item\":\"https:\/\/www.culturapesadamza.com\/?post_type=podcast\"},{\"@type\":\"ListItem\",\"position\":3,\"name\":\"PROTESTA Y SOBREVIVI : POR 3 MANGOS\"}]},{\"@type\":\"WebSite\",\"@id\":\"http:\/\/www.culturapesadamza.com\/#website\",\"url\":\"http:\/\/www.culturapesadamza.com\/\",\"name\":\"Cultura Pesada Mendoza Radio\",\"description\":\"La otra cara de la cultura...\",\"potentialAction\":[{\"@type\":\"SearchAction\",\"target\":{\"@type\":\"EntryPoint\",\"urlTemplate\":\"http:\/\/www.culturapesadamza.com\/?s={search_term_string}\"},\"query-input\":{\"@type\":\"PropertyValueSpecification\",\"valueRequired\":true,\"valueName\":\"search_term_string\"}}],\"inLanguage\":\"es-AR\"}]}<\/script>\n<!-- \/ Yoast SEO plugin. -->","yoast_head_json":{"title":"PROTESTA Y SOBREVIVI : POR 3 MANGOS - Cultura Pesada Mendoza Radio","robots":{"index":"index","follow":"follow","max-snippet":"max-snippet:-1","max-image-preview":"max-image-preview:large","max-video-preview":"max-video-preview:-1"},"canonical":"https:\/\/www.culturapesadamza.com\/?podcast=protesta-y-sobrevivi-por-3-mangos","og_locale":"es_ES","og_type":"article","og_title":"PROTESTA Y SOBREVIVI : POR 3 MANGOS - Cultura Pesada Mendoza Radio","og_description":"Por Federico Birkenfield \u00bfQue se sentira ser un numero ?, \u00bfQue se sentira ser la banda mas odiada del momento?. probablemente Fred Durst nunca se hizo tales preguntas, aunque intu\u00eda que con el \u00e9xito invariablemente ven\u00edan las presiones y las contradicciones. Achacarles de advenedizos sin talento es muchisimos, por que [&hellip;]","og_url":"https:\/\/www.culturapesadamza.com\/?podcast=protesta-y-sobrevivi-por-3-mangos","og_site_name":"Cultura Pesada Mendoza Radio","og_image":[{"width":1280,"height":1280,"url":"https:\/\/www.culturapesadamza.com\/wp-content\/uploads\/2025\/10\/WhatsApp-Image-2025-10-26-at-19.49.22.jpeg","type":"image\/jpeg"}],"twitter_card":"summary_large_image","twitter_misc":{"Tiempo de lectura":"1 minuto"},"schema":{"@context":"https:\/\/schema.org","@graph":[{"@type":"WebPage","@id":"https:\/\/www.culturapesadamza.com\/?podcast=protesta-y-sobrevivi-por-3-mangos","url":"https:\/\/www.culturapesadamza.com\/?podcast=protesta-y-sobrevivi-por-3-mangos","name":"PROTESTA Y SOBREVIVI : POR 3 MANGOS - Cultura Pesada Mendoza Radio","isPartOf":{"@id":"http:\/\/www.culturapesadamza.com\/#website"},"primaryImageOfPage":{"@id":"https:\/\/www.culturapesadamza.com\/?podcast=protesta-y-sobrevivi-por-3-mangos#primaryimage"},"image":{"@id":"https:\/\/www.culturapesadamza.com\/?podcast=protesta-y-sobrevivi-por-3-mangos#primaryimage"},"thumbnailUrl":"https:\/\/www.culturapesadamza.com\/wp-content\/uploads\/2025\/10\/WhatsApp-Image-2025-10-26-at-19.49.22.jpeg","datePublished":"2025-10-26T23:42:41+00:00","breadcrumb":{"@id":"https:\/\/www.culturapesadamza.com\/?podcast=protesta-y-sobrevivi-por-3-mangos#breadcrumb"},"inLanguage":"es-AR","potentialAction":[{"@type":"ReadAction","target":["https:\/\/www.culturapesadamza.com\/?podcast=protesta-y-sobrevivi-por-3-mangos"]}]},{"@type":"ImageObject","inLanguage":"es-AR","@id":"https:\/\/www.culturapesadamza.com\/?podcast=protesta-y-sobrevivi-por-3-mangos#primaryimage","url":"https:\/\/www.culturapesadamza.com\/wp-content\/uploads\/2025\/10\/WhatsApp-Image-2025-10-26-at-19.49.22.jpeg","contentUrl":"https:\/\/www.culturapesadamza.com\/wp-content\/uploads\/2025\/10\/WhatsApp-Image-2025-10-26-at-19.49.22.jpeg","width":1280,"height":1280},{"@type":"BreadcrumbList","@id":"https:\/\/www.culturapesadamza.com\/?podcast=protesta-y-sobrevivi-por-3-mangos#breadcrumb","itemListElement":[{"@type":"ListItem","position":1,"name":"Inicio","item":"http:\/\/www.culturapesadamza.com\/"},{"@type":"ListItem","position":2,"name":"Podcast","item":"https:\/\/www.culturapesadamza.com\/?post_type=podcast"},{"@type":"ListItem","position":3,"name":"PROTESTA Y SOBREVIVI : POR 3 MANGOS"}]},{"@type":"WebSite","@id":"http:\/\/www.culturapesadamza.com\/#website","url":"http:\/\/www.culturapesadamza.com\/","name":"Cultura Pesada Mendoza Radio","description":"La otra cara de la cultura...","potentialAction":[{"@type":"SearchAction","target":{"@type":"EntryPoint","urlTemplate":"http:\/\/www.culturapesadamza.com\/?s={search_term_string}"},"query-input":{"@type":"PropertyValueSpecification","valueRequired":true,"valueName":"search_term_string"}}],"inLanguage":"es-AR"}]}},"_links":{"self":[{"href":"https:\/\/www.culturapesadamza.com\/index.php?rest_route=\/wp\/v2\/podcast\/1278","targetHints":{"allow":["GET"]}}],"collection":[{"href":"https:\/\/www.culturapesadamza.com\/index.php?rest_route=\/wp\/v2\/podcast"}],"about":[{"href":"https:\/\/www.culturapesadamza.com\/index.php?rest_route=\/wp\/v2\/types\/podcast"}],"wp:featuredmedia":[{"embeddable":true,"href":"https:\/\/www.culturapesadamza.com\/index.php?rest_route=\/wp\/v2\/media\/1279"}],"wp:attachment":[{"href":"https:\/\/www.culturapesadamza.com\/index.php?rest_route=%2Fwp%2Fv2%2Fmedia&parent=1278"}],"wp:term":[{"taxonomy":"podcastfilter","embeddable":true,"href":"https:\/\/www.culturapesadamza.com\/index.php?rest_route=%2Fwp%2Fv2%2Fpodcastfilter&post=1278"}],"curies":[{"name":"wp","href":"https:\/\/api.w.org\/{rel}","templated":true}]}}

<div id=":nz" class="ii gt">
<div id=":ny" class="a3s aiL">
<div dir="ltr">
<div dir="ltr">
<div>Por Federico Birkenfield</div>
<div></div>
<div>¿Que se sentira ser un numero ?, ¿Que se sentira ser la banda mas odiada del momento?.</div>
<div>probablemente Fred Durst nunca se hizo tales preguntas, aunque intuía que con el éxito invariablemente venían las presiones y las contradicciones.</div>
<div>Achacarles de advenedizos sin talento es muchisimos, por que los tipos patearon ínfimos reductos en pos de tocar su música. Y por lo general los fans de la música pesada les pedimos autenticidad y garra a nuestros artistas favoritos. que mas autentico puede ser girar en vans, dormir mal, tener de dieta habitual pizzas y panchos.cuanto mas podemos pedir?, por suerte estos tipos del mas recondito lugar de estados unidos(JAcksonville) nunca se dejaron amedrentar por la industria e insistieron a base de shows hasta llegar al disco debut.</div>
<div>Olvidate todo lo que leiste y escuchaste sobre estos yankees , escucha y decidí por vos mismo(algo que en esta realidad es casi una utopía).</div>
</div>
<div class="yj6qo"></div>
<div class="adL"></div>
</div>
<div class="adL"></div>
</div>
</div>
<div id=":oc" class="hq gt"></div>

<p>Por Federico Birkenfield ¿Que se sentira ser un numero ?, ¿Que se sentira ser la banda mas odiada del momento?. probablemente Fred Durst nunca se hizo tales preguntas, aunque intuía que con el éxito invariablemente venían las presiones y las contradicciones. Achacarles de advenedizos sin talento es muchisimos, por que [&hellip;]</p>

<!-- This site is optimized with the Yoast SEO plugin v25.5 - https://yoast.com/wordpress/plugins/seo/ -->
<title>PROTESTA Y SOBREVIVI : POR 3 MANGOS - Cultura Pesada Mendoza Radio</title>
<meta name="robots" content="index, follow, max-snippet:-1, max-image-preview:large, max-video-preview:-1" />
<link rel="canonical" href="https://www.culturapesadamza.com/?podcast=protesta-y-sobrevivi-por-3-mangos" />
<meta property="og:locale" content="es_ES" />
<meta property="og:type" content="article" />
<meta property="og:title" content="PROTESTA Y SOBREVIVI : POR 3 MANGOS - Cultura Pesada Mendoza Radio" />
<meta property="og:description" content="Por Federico Birkenfield ¿Que se sentira ser un numero ?, ¿Que se sentira ser la banda mas odiada del momento?. probablemente Fred Durst nunca se hizo tales preguntas, aunque intuía que con el éxito invariablemente venían las presiones y las contradicciones. Achacarles de advenedizos sin talento es muchisimos, por que [&hellip;]" />
<meta property="og:url" content="https://www.culturapesadamza.com/?podcast=protesta-y-sobrevivi-por-3-mangos" />
<meta property="og:site_name" content="Cultura Pesada Mendoza Radio" />
<meta property="og:image" content="https://www.culturapesadamza.com/wp-content/uploads/2025/10/WhatsApp-Image-2025-10-26-at-19.49.22.jpeg" />
	<meta property="og:image:width" content="1280" />
	<meta property="og:image:height" content="1280" />
	<meta property="og:image:type" content="image/jpeg" />
<meta name="twitter:card" content="summary_large_image" />
<meta name="twitter:label1" content="Tiempo de lectura" />
	<meta name="twitter:data1" content="1 minuto" />
<script type="application/ld+json" class="yoast-schema-graph">{"@context":"https://schema.org","@graph":[{"@type":"WebPage","@id":"https://www.culturapesadamza.com/?podcast=protesta-y-sobrevivi-por-3-mangos","url":"https://www.culturapesadamza.com/?podcast=protesta-y-sobrevivi-por-3-mangos","name":"PROTESTA Y SOBREVIVI : POR 3 MANGOS - Cultura Pesada Mendoza Radio","isPartOf":{"@id":"http://www.culturapesadamza.com/#website"},"primaryImageOfPage":{"@id":"https://www.culturapesadamza.com/?podcast=protesta-y-sobrevivi-por-3-mangos#primaryimage"},"image":{"@id":"https://www.culturapesadamza.com/?podcast=protesta-y-sobrevivi-por-3-mangos#primaryimage"},"thumbnailUrl":"https://www.culturapesadamza.com/wp-content/uploads/2025/10/WhatsApp-Image-2025-10-26-at-19.49.22.jpeg","datePublished":"2025-10-26T23:42:41+00:00","breadcrumb":{"@id":"https://www.culturapesadamza.com/?podcast=protesta-y-sobrevivi-por-3-mangos#breadcrumb"},"inLanguage":"es-AR","potentialAction":[{"@type":"ReadAction","target":["https://www.culturapesadamza.com/?podcast=protesta-y-sobrevivi-por-3-mangos"]}]},{"@type":"ImageObject","inLanguage":"es-AR","@id":"https://www.culturapesadamza.com/?podcast=protesta-y-sobrevivi-por-3-mangos#primaryimage","url":"https://www.culturapesadamza.com/wp-content/uploads/2025/10/WhatsApp-Image-2025-10-26-at-19.49.22.jpeg","contentUrl":"https://www.culturapesadamza.com/wp-content/uploads/2025/10/WhatsApp-Image-2025-10-26-at-19.49.22.jpeg","width":1280,"height":1280},{"@type":"BreadcrumbList","@id":"https://www.culturapesadamza.com/?podcast=protesta-y-sobrevivi-por-3-mangos#breadcrumb","itemListElement":[{"@type":"ListItem","position":1,"name":"Inicio","item":"http://www.culturapesadamza.com/"},{"@type":"ListItem","position":2,"name":"Podcast","item":"https://www.culturapesadamza.com/?post_type=podcast"},{"@type":"ListItem","position":3,"name":"PROTESTA Y SOBREVIVI : POR 3 MANGOS"}]},{"@type":"WebSite","@id":"http://www.culturapesadamza.com/#website","url":"http://www.culturapesadamza.com/","name":"Cultura Pesada Mendoza Radio","description":"La otra cara de la cultura...","potentialAction":[{"@type":"SearchAction","target":{"@type":"EntryPoint","urlTemplate":"http://www.culturapesadamza.com/?s={search_term_string}"},"query-input":{"@type":"PropertyValueSpecification","valueRequired":true,"valueName":"search_term_string"}}],"inLanguage":"es-AR"}]}</script>
<!-- / Yoast SEO plugin. -->

Por Federico Birkenfield ¿Que se sentira ser un numero ?, ¿Que se sentira ser la banda mas odiada del momento?. probablemente Fred Durst nunca se hizo tales preguntas, aunque intuía que con el éxito invariablemente venían las presiones y las contradicciones. Achacarles de advenedizos sin talento es muchisimos, por que [&hellip;]
