{"id":1227,"date":"2025-09-29T08:30:58","date_gmt":"2025-09-29T11:30:58","guid":{"rendered":"https:\/\/www.culturapesadamendoza.com\/?post_type=podcast&#038;p=1227"},"modified":"2025-09-29T08:30:58","modified_gmt":"2025-09-29T11:30:58","slug":"protesta-y-sobtrevivi-el-arte-suicida-final","status":"publish","type":"podcast","link":"https:\/\/www.culturapesadamza.com\/?podcast=protesta-y-sobtrevivi-el-arte-suicida-final","title":{"rendered":"PROTESTA Y SOBTREVIVI : El arte suicida final"},"content":{"rendered":"<p>Por FEDE BIKERFIELD<\/p>\n<p>&nbsp;<\/p>\n<p>&#8221;\u00a0Always the same<\/p>\n<p>My tired eyes have seen enough<br \/>\nOf all your lies<br \/>\nMy hate is blind&#8221;<\/p>\n<div dir=\"auto\">&#8220;Siempre es lo mismo, mis cansados ojos han visto bastante, de todas tus mentiras, mi odio es ciego&#8221;<\/div>\n<div dir=\"auto\">Asi se sentia y escrib\u00eda Tomas Lindberg en su Gotemburgo natal en el a\u00f1o 1995 (palabras que podr\u00edan calzar en cualquier argentino en esta realidad de 2025) para el que seria ultimo disco de At The Gates.<\/div>\n<div dir=\"auto\">Dif\u00edcil hablar de el trabajo de la vida y logros de un tipo que recien tenia 52 a\u00f1os y probablemente hubiera seguido editando m\u00fasica y ense\u00f1ando ciencias sociales en su ciudad.<\/div>\n<div dir=\"auto\">el bueno de TOMAS y sus compa\u00f1eros patearon el tablero del death metal de los 90s sumando melod\u00edas, arreglos de twin leads , una voz mas cercana al black metal y energia thrash metal a un estilo que comenzaba a convertirse en esos cad\u00e1veres que aparec\u00edan en sus tapas.<\/div>\n<div dir=\"auto\">Y el tipo despu\u00e9s de la temprana disoluci\u00f3n de At The Gates no se quedo quieto armando cuyo proyecto cayera en sus manos , sin colgarse de ning\u00fan ejercicio de nostalgia siempre mirando para adelante.<\/div>\n<div dir=\"auto\">Gracias por la magia Tompa<\/div>\n<div dir=\"auto\">GO!<\/div>\n","protected":false},"excerpt":{"rendered":"<p>Por FEDE BIKERFIELD &nbsp; &#8221;\u00a0Always the same My tired eyes have seen enough Of all your lies My hate is blind&#8221; &#8220;Siempre es lo mismo, mis cansados ojos han visto bastante, de todas tus mentiras, mi odio es ciego&#8221; Asi se sentia y escrib\u00eda Tomas Lindberg en su Gotemburgo natal [&hellip;]<\/p>\n","protected":false},"featured_media":1228,"template":"","podcastfilter":[53],"class_list":["post-1227","podcast","type-podcast","status-publish","has-post-thumbnail","hentry","podcastfilter-podcast"],"yoast_head":"<!-- This site is optimized with the Yoast SEO plugin v25.5 - https:\/\/yoast.com\/wordpress\/plugins\/seo\/ -->\n<title>PROTESTA Y SOBTREVIVI : El arte suicida final - Cultura Pesada Mendoza Radio<\/title>\n<meta name=\"robots\" content=\"index, follow, max-snippet:-1, max-image-preview:large, max-video-preview:-1\" \/>\n<link rel=\"canonical\" href=\"https:\/\/www.culturapesadamza.com\/?podcast=protesta-y-sobtrevivi-el-arte-suicida-final\" \/>\n<meta property=\"og:locale\" content=\"es_ES\" \/>\n<meta property=\"og:type\" content=\"article\" \/>\n<meta property=\"og:title\" content=\"PROTESTA Y SOBTREVIVI : El arte suicida final - Cultura Pesada Mendoza Radio\" \/>\n<meta property=\"og:description\" content=\"Por FEDE BIKERFIELD &nbsp; &#8221;\u00a0Always the same My tired eyes have seen enough Of all your lies My hate is blind&#8221; &#8220;Siempre es lo mismo, mis cansados ojos han visto bastante, de todas tus mentiras, mi odio es ciego&#8221; Asi se sentia y escrib\u00eda Tomas Lindberg en su Gotemburgo natal [&hellip;]\" \/>\n<meta property=\"og:url\" content=\"https:\/\/www.culturapesadamza.com\/?podcast=protesta-y-sobtrevivi-el-arte-suicida-final\" \/>\n<meta property=\"og:site_name\" content=\"Cultura Pesada Mendoza Radio\" \/>\n<meta property=\"og:image\" content=\"https:\/\/www.culturapesadamza.com\/wp-content\/uploads\/2025\/09\/1000155558.jpg\" \/>\n\t<meta property=\"og:image:width\" content=\"1920\" \/>\n\t<meta property=\"og:image:height\" content=\"1920\" \/>\n\t<meta property=\"og:image:type\" content=\"image\/jpeg\" \/>\n<meta name=\"twitter:card\" content=\"summary_large_image\" \/>\n<meta name=\"twitter:label1\" content=\"Tiempo de lectura\" \/>\n\t<meta name=\"twitter:data1\" content=\"2 minutos\" \/>\n<script type=\"application\/ld+json\" class=\"yoast-schema-graph\">{\"@context\":\"https:\/\/schema.org\",\"@graph\":[{\"@type\":\"WebPage\",\"@id\":\"https:\/\/www.culturapesadamza.com\/?podcast=protesta-y-sobtrevivi-el-arte-suicida-final\",\"url\":\"https:\/\/www.culturapesadamza.com\/?podcast=protesta-y-sobtrevivi-el-arte-suicida-final\",\"name\":\"PROTESTA Y SOBTREVIVI : El arte suicida final - Cultura Pesada Mendoza Radio\",\"isPartOf\":{\"@id\":\"http:\/\/www.culturapesadamza.com\/#website\"},\"primaryImageOfPage\":{\"@id\":\"https:\/\/www.culturapesadamza.com\/?podcast=protesta-y-sobtrevivi-el-arte-suicida-final#primaryimage\"},\"image\":{\"@id\":\"https:\/\/www.culturapesadamza.com\/?podcast=protesta-y-sobtrevivi-el-arte-suicida-final#primaryimage\"},\"thumbnailUrl\":\"https:\/\/www.culturapesadamza.com\/wp-content\/uploads\/2025\/09\/1000155558.jpg\",\"datePublished\":\"2025-09-29T11:30:58+00:00\",\"breadcrumb\":{\"@id\":\"https:\/\/www.culturapesadamza.com\/?podcast=protesta-y-sobtrevivi-el-arte-suicida-final#breadcrumb\"},\"inLanguage\":\"es-AR\",\"potentialAction\":[{\"@type\":\"ReadAction\",\"target\":[\"https:\/\/www.culturapesadamza.com\/?podcast=protesta-y-sobtrevivi-el-arte-suicida-final\"]}]},{\"@type\":\"ImageObject\",\"inLanguage\":\"es-AR\",\"@id\":\"https:\/\/www.culturapesadamza.com\/?podcast=protesta-y-sobtrevivi-el-arte-suicida-final#primaryimage\",\"url\":\"https:\/\/www.culturapesadamza.com\/wp-content\/uploads\/2025\/09\/1000155558.jpg\",\"contentUrl\":\"https:\/\/www.culturapesadamza.com\/wp-content\/uploads\/2025\/09\/1000155558.jpg\",\"width\":1920,\"height\":1920},{\"@type\":\"BreadcrumbList\",\"@id\":\"https:\/\/www.culturapesadamza.com\/?podcast=protesta-y-sobtrevivi-el-arte-suicida-final#breadcrumb\",\"itemListElement\":[{\"@type\":\"ListItem\",\"position\":1,\"name\":\"Inicio\",\"item\":\"http:\/\/www.culturapesadamza.com\/\"},{\"@type\":\"ListItem\",\"position\":2,\"name\":\"Podcast\",\"item\":\"https:\/\/www.culturapesadamza.com\/?post_type=podcast\"},{\"@type\":\"ListItem\",\"position\":3,\"name\":\"PROTESTA Y SOBTREVIVI : El arte suicida final\"}]},{\"@type\":\"WebSite\",\"@id\":\"http:\/\/www.culturapesadamza.com\/#website\",\"url\":\"http:\/\/www.culturapesadamza.com\/\",\"name\":\"Cultura Pesada Mendoza Radio\",\"description\":\"La otra cara de la cultura...\",\"potentialAction\":[{\"@type\":\"SearchAction\",\"target\":{\"@type\":\"EntryPoint\",\"urlTemplate\":\"http:\/\/www.culturapesadamza.com\/?s={search_term_string}\"},\"query-input\":{\"@type\":\"PropertyValueSpecification\",\"valueRequired\":true,\"valueName\":\"search_term_string\"}}],\"inLanguage\":\"es-AR\"}]}<\/script>\n<!-- \/ Yoast SEO plugin. -->","yoast_head_json":{"title":"PROTESTA Y SOBTREVIVI : El arte suicida final - Cultura Pesada Mendoza Radio","robots":{"index":"index","follow":"follow","max-snippet":"max-snippet:-1","max-image-preview":"max-image-preview:large","max-video-preview":"max-video-preview:-1"},"canonical":"https:\/\/www.culturapesadamza.com\/?podcast=protesta-y-sobtrevivi-el-arte-suicida-final","og_locale":"es_ES","og_type":"article","og_title":"PROTESTA Y SOBTREVIVI : El arte suicida final - Cultura Pesada Mendoza Radio","og_description":"Por FEDE BIKERFIELD &nbsp; &#8221;\u00a0Always the same My tired eyes have seen enough Of all your lies My hate is blind&#8221; &#8220;Siempre es lo mismo, mis cansados ojos han visto bastante, de todas tus mentiras, mi odio es ciego&#8221; Asi se sentia y escrib\u00eda Tomas Lindberg en su Gotemburgo natal [&hellip;]","og_url":"https:\/\/www.culturapesadamza.com\/?podcast=protesta-y-sobtrevivi-el-arte-suicida-final","og_site_name":"Cultura Pesada Mendoza Radio","og_image":[{"width":1920,"height":1920,"url":"https:\/\/www.culturapesadamza.com\/wp-content\/uploads\/2025\/09\/1000155558.jpg","type":"image\/jpeg"}],"twitter_card":"summary_large_image","twitter_misc":{"Tiempo de lectura":"2 minutos"},"schema":{"@context":"https:\/\/schema.org","@graph":[{"@type":"WebPage","@id":"https:\/\/www.culturapesadamza.com\/?podcast=protesta-y-sobtrevivi-el-arte-suicida-final","url":"https:\/\/www.culturapesadamza.com\/?podcast=protesta-y-sobtrevivi-el-arte-suicida-final","name":"PROTESTA Y SOBTREVIVI : El arte suicida final - Cultura Pesada Mendoza Radio","isPartOf":{"@id":"http:\/\/www.culturapesadamza.com\/#website"},"primaryImageOfPage":{"@id":"https:\/\/www.culturapesadamza.com\/?podcast=protesta-y-sobtrevivi-el-arte-suicida-final#primaryimage"},"image":{"@id":"https:\/\/www.culturapesadamza.com\/?podcast=protesta-y-sobtrevivi-el-arte-suicida-final#primaryimage"},"thumbnailUrl":"https:\/\/www.culturapesadamza.com\/wp-content\/uploads\/2025\/09\/1000155558.jpg","datePublished":"2025-09-29T11:30:58+00:00","breadcrumb":{"@id":"https:\/\/www.culturapesadamza.com\/?podcast=protesta-y-sobtrevivi-el-arte-suicida-final#breadcrumb"},"inLanguage":"es-AR","potentialAction":[{"@type":"ReadAction","target":["https:\/\/www.culturapesadamza.com\/?podcast=protesta-y-sobtrevivi-el-arte-suicida-final"]}]},{"@type":"ImageObject","inLanguage":"es-AR","@id":"https:\/\/www.culturapesadamza.com\/?podcast=protesta-y-sobtrevivi-el-arte-suicida-final#primaryimage","url":"https:\/\/www.culturapesadamza.com\/wp-content\/uploads\/2025\/09\/1000155558.jpg","contentUrl":"https:\/\/www.culturapesadamza.com\/wp-content\/uploads\/2025\/09\/1000155558.jpg","width":1920,"height":1920},{"@type":"BreadcrumbList","@id":"https:\/\/www.culturapesadamza.com\/?podcast=protesta-y-sobtrevivi-el-arte-suicida-final#breadcrumb","itemListElement":[{"@type":"ListItem","position":1,"name":"Inicio","item":"http:\/\/www.culturapesadamza.com\/"},{"@type":"ListItem","position":2,"name":"Podcast","item":"https:\/\/www.culturapesadamza.com\/?post_type=podcast"},{"@type":"ListItem","position":3,"name":"PROTESTA Y SOBTREVIVI : El arte suicida final"}]},{"@type":"WebSite","@id":"http:\/\/www.culturapesadamza.com\/#website","url":"http:\/\/www.culturapesadamza.com\/","name":"Cultura Pesada Mendoza Radio","description":"La otra cara de la cultura...","potentialAction":[{"@type":"SearchAction","target":{"@type":"EntryPoint","urlTemplate":"http:\/\/www.culturapesadamza.com\/?s={search_term_string}"},"query-input":{"@type":"PropertyValueSpecification","valueRequired":true,"valueName":"search_term_string"}}],"inLanguage":"es-AR"}]}},"_links":{"self":[{"href":"https:\/\/www.culturapesadamza.com\/index.php?rest_route=\/wp\/v2\/podcast\/1227","targetHints":{"allow":["GET"]}}],"collection":[{"href":"https:\/\/www.culturapesadamza.com\/index.php?rest_route=\/wp\/v2\/podcast"}],"about":[{"href":"https:\/\/www.culturapesadamza.com\/index.php?rest_route=\/wp\/v2\/types\/podcast"}],"wp:featuredmedia":[{"embeddable":true,"href":"https:\/\/www.culturapesadamza.com\/index.php?rest_route=\/wp\/v2\/media\/1228"}],"wp:attachment":[{"href":"https:\/\/www.culturapesadamza.com\/index.php?rest_route=%2Fwp%2Fv2%2Fmedia&parent=1227"}],"wp:term":[{"taxonomy":"podcastfilter","embeddable":true,"href":"https:\/\/www.culturapesadamza.com\/index.php?rest_route=%2Fwp%2Fv2%2Fpodcastfilter&post=1227"}],"curies":[{"name":"wp","href":"https:\/\/api.w.org\/{rel}","templated":true}]}}

<p>Por FEDE BIKERFIELD</p>
<p>&nbsp;</p>
<p>&#8221; Always the same</p>
<p>My tired eyes have seen enough<br />
Of all your lies<br />
My hate is blind&#8221;</p>
<div dir="auto">&#8220;Siempre es lo mismo, mis cansados ojos han visto bastante, de todas tus mentiras, mi odio es ciego&#8221;</div>
<div dir="auto">Asi se sentia y escribía Tomas Lindberg en su Gotemburgo natal en el año 1995 (palabras que podrían calzar en cualquier argentino en esta realidad de 2025) para el que seria ultimo disco de At The Gates.</div>
<div dir="auto">Difícil hablar de el trabajo de la vida y logros de un tipo que recien tenia 52 años y probablemente hubiera seguido editando música y enseñando ciencias sociales en su ciudad.</div>
<div dir="auto">el bueno de TOMAS y sus compañeros patearon el tablero del death metal de los 90s sumando melodías, arreglos de twin leads , una voz mas cercana al black metal y energia thrash metal a un estilo que comenzaba a convertirse en esos cadáveres que aparecían en sus tapas.</div>
<div dir="auto">Y el tipo después de la temprana disolución de At The Gates no se quedo quieto armando cuyo proyecto cayera en sus manos , sin colgarse de ningún ejercicio de nostalgia siempre mirando para adelante.</div>
<div dir="auto">Gracias por la magia Tompa</div>
<div dir="auto">GO!</div>

<p>Por FEDE BIKERFIELD &nbsp; &#8221; Always the same My tired eyes have seen enough Of all your lies My hate is blind&#8221; &#8220;Siempre es lo mismo, mis cansados ojos han visto bastante, de todas tus mentiras, mi odio es ciego&#8221; Asi se sentia y escribía Tomas Lindberg en su Gotemburgo natal [&hellip;]</p>

<!-- This site is optimized with the Yoast SEO plugin v25.5 - https://yoast.com/wordpress/plugins/seo/ -->
<title>PROTESTA Y SOBTREVIVI : El arte suicida final - Cultura Pesada Mendoza Radio</title>
<meta name="robots" content="index, follow, max-snippet:-1, max-image-preview:large, max-video-preview:-1" />
<link rel="canonical" href="https://www.culturapesadamza.com/?podcast=protesta-y-sobtrevivi-el-arte-suicida-final" />
<meta property="og:locale" content="es_ES" />
<meta property="og:type" content="article" />
<meta property="og:title" content="PROTESTA Y SOBTREVIVI : El arte suicida final - Cultura Pesada Mendoza Radio" />
<meta property="og:description" content="Por FEDE BIKERFIELD &nbsp; &#8221; Always the same My tired eyes have seen enough Of all your lies My hate is blind&#8221; &#8220;Siempre es lo mismo, mis cansados ojos han visto bastante, de todas tus mentiras, mi odio es ciego&#8221; Asi se sentia y escribía Tomas Lindberg en su Gotemburgo natal [&hellip;]" />
<meta property="og:url" content="https://www.culturapesadamza.com/?podcast=protesta-y-sobtrevivi-el-arte-suicida-final" />
<meta property="og:site_name" content="Cultura Pesada Mendoza Radio" />
<meta property="og:image" content="https://www.culturapesadamza.com/wp-content/uploads/2025/09/1000155558.jpg" />
	<meta property="og:image:width" content="1920" />
	<meta property="og:image:height" content="1920" />
	<meta property="og:image:type" content="image/jpeg" />
<meta name="twitter:card" content="summary_large_image" />
<meta name="twitter:label1" content="Tiempo de lectura" />
	<meta name="twitter:data1" content="2 minutos" />
<script type="application/ld+json" class="yoast-schema-graph">{"@context":"https://schema.org","@graph":[{"@type":"WebPage","@id":"https://www.culturapesadamza.com/?podcast=protesta-y-sobtrevivi-el-arte-suicida-final","url":"https://www.culturapesadamza.com/?podcast=protesta-y-sobtrevivi-el-arte-suicida-final","name":"PROTESTA Y SOBTREVIVI : El arte suicida final - Cultura Pesada Mendoza Radio","isPartOf":{"@id":"http://www.culturapesadamza.com/#website"},"primaryImageOfPage":{"@id":"https://www.culturapesadamza.com/?podcast=protesta-y-sobtrevivi-el-arte-suicida-final#primaryimage"},"image":{"@id":"https://www.culturapesadamza.com/?podcast=protesta-y-sobtrevivi-el-arte-suicida-final#primaryimage"},"thumbnailUrl":"https://www.culturapesadamza.com/wp-content/uploads/2025/09/1000155558.jpg","datePublished":"2025-09-29T11:30:58+00:00","breadcrumb":{"@id":"https://www.culturapesadamza.com/?podcast=protesta-y-sobtrevivi-el-arte-suicida-final#breadcrumb"},"inLanguage":"es-AR","potentialAction":[{"@type":"ReadAction","target":["https://www.culturapesadamza.com/?podcast=protesta-y-sobtrevivi-el-arte-suicida-final"]}]},{"@type":"ImageObject","inLanguage":"es-AR","@id":"https://www.culturapesadamza.com/?podcast=protesta-y-sobtrevivi-el-arte-suicida-final#primaryimage","url":"https://www.culturapesadamza.com/wp-content/uploads/2025/09/1000155558.jpg","contentUrl":"https://www.culturapesadamza.com/wp-content/uploads/2025/09/1000155558.jpg","width":1920,"height":1920},{"@type":"BreadcrumbList","@id":"https://www.culturapesadamza.com/?podcast=protesta-y-sobtrevivi-el-arte-suicida-final#breadcrumb","itemListElement":[{"@type":"ListItem","position":1,"name":"Inicio","item":"http://www.culturapesadamza.com/"},{"@type":"ListItem","position":2,"name":"Podcast","item":"https://www.culturapesadamza.com/?post_type=podcast"},{"@type":"ListItem","position":3,"name":"PROTESTA Y SOBTREVIVI : El arte suicida final"}]},{"@type":"WebSite","@id":"http://www.culturapesadamza.com/#website","url":"http://www.culturapesadamza.com/","name":"Cultura Pesada Mendoza Radio","description":"La otra cara de la cultura...","potentialAction":[{"@type":"SearchAction","target":{"@type":"EntryPoint","urlTemplate":"http://www.culturapesadamza.com/?s={search_term_string}"},"query-input":{"@type":"PropertyValueSpecification","valueRequired":true,"valueName":"search_term_string"}}],"inLanguage":"es-AR"}]}</script>
<!-- / Yoast SEO plugin. -->

Por FEDE BIKERFIELD &nbsp; &#8221; Always the same My tired eyes have seen enough Of all your lies My hate is blind&#8221; &#8220;Siempre es lo mismo, mis cansados ojos han visto bastante, de todas tus mentiras, mi odio es ciego&#8221; Asi se sentia y escribía Tomas Lindberg en su Gotemburgo natal [&hellip;]
