{"id":1157,"date":"2025-08-25T08:27:57","date_gmt":"2025-08-25T11:27:57","guid":{"rendered":"https:\/\/www.culturapesadamendoza.com\/?post_type=podcast&#038;p=1157"},"modified":"2025-08-25T08:27:57","modified_gmt":"2025-08-25T11:27:57","slug":"protesta-y-sobrevivi-los-chicos-subterraneos","status":"publish","type":"podcast","link":"https:\/\/www.culturapesadamza.com\/?podcast=protesta-y-sobrevivi-los-chicos-subterraneos","title":{"rendered":"PROTESTA Y SOBREVIVI : LOS CHICOS SUBTERRANEOS"},"content":{"rendered":"<div>Por Federico Birkenfield<\/div>\n<div><\/div>\n<div>&#8220;La gente saltaba desde el primer piso y del escenario con las botas para adelante, sin ning\u00fan miramiento. Pon\u00eda los pelos de punta, pero formaba parte del juego, no generaba peleas, era as\u00ed. Si quer\u00edas estar ah\u00ed has de correr riesgos, el baile es violento&#8221;<\/div>\n<div>As\u00ed se expresaba el peque\u00f1o Jordi due\u00f1o de B-core disc(sello barcelon\u00e9s de Hardcore punk) en su libro Harto de todo sobre su primer acercamiento al punk en un recital de Decibelios.<\/div>\n<div>Aqu\u00ed escucharemos la historia de Jordi y su peque\u00f1o sello, que logro atravesar fronteras bas\u00e1ndose mas que nada en el &#8220;Do It Yourself&#8221; y la pasi\u00f3n por los sonidos revoltosos que escupia la urbe espa\u00f1ola.<\/div>\n<div>ojala aprendamos algo de Jordi que pudi\u00e9ndose quedar en el nicho en el que estuvo toda su vida se atrevi\u00f3 a buscar otras cosas e intereses para sumar a su sello sin comprometer la integridad del mismo<\/div>\n","protected":false},"excerpt":{"rendered":"<p>Por Federico Birkenfield &#8220;La gente saltaba desde el primer piso y del escenario con las botas para adelante, sin ning\u00fan miramiento. Pon\u00eda los pelos de punta, pero formaba parte del juego, no generaba peleas, era as\u00ed. Si quer\u00edas estar ah\u00ed has de correr riesgos, el baile es violento&#8221; As\u00ed se [&hellip;]<\/p>\n","protected":false},"featured_media":1158,"template":"","podcastfilter":[53],"class_list":["post-1157","podcast","type-podcast","status-publish","has-post-thumbnail","hentry","podcastfilter-podcast"],"yoast_head":"<!-- This site is optimized with the Yoast SEO plugin v25.5 - https:\/\/yoast.com\/wordpress\/plugins\/seo\/ -->\n<title>PROTESTA Y SOBREVIVI : LOS CHICOS SUBTERRANEOS - Cultura Pesada Mendoza Radio<\/title>\n<meta name=\"robots\" content=\"index, follow, max-snippet:-1, max-image-preview:large, max-video-preview:-1\" \/>\n<link rel=\"canonical\" href=\"https:\/\/www.culturapesadamza.com\/?podcast=protesta-y-sobrevivi-los-chicos-subterraneos\" \/>\n<meta property=\"og:locale\" content=\"es_ES\" \/>\n<meta property=\"og:type\" content=\"article\" \/>\n<meta property=\"og:title\" content=\"PROTESTA Y SOBREVIVI : LOS CHICOS SUBTERRANEOS - Cultura Pesada Mendoza Radio\" \/>\n<meta property=\"og:description\" content=\"Por Federico Birkenfield &#8220;La gente saltaba desde el primer piso y del escenario con las botas para adelante, sin ning\u00fan miramiento. Pon\u00eda los pelos de punta, pero formaba parte del juego, no generaba peleas, era as\u00ed. Si quer\u00edas estar ah\u00ed has de correr riesgos, el baile es violento&#8221; As\u00ed se [&hellip;]\" \/>\n<meta property=\"og:url\" content=\"https:\/\/www.culturapesadamza.com\/?podcast=protesta-y-sobrevivi-los-chicos-subterraneos\" \/>\n<meta property=\"og:site_name\" content=\"Cultura Pesada Mendoza Radio\" \/>\n<meta property=\"og:image\" content=\"https:\/\/www.culturapesadamza.com\/wp-content\/uploads\/2025\/08\/1000130785.jpg\" \/>\n\t<meta property=\"og:image:width\" content=\"1920\" \/>\n\t<meta property=\"og:image:height\" content=\"1755\" \/>\n\t<meta property=\"og:image:type\" content=\"image\/jpeg\" \/>\n<meta name=\"twitter:card\" content=\"summary_large_image\" \/>\n<meta name=\"twitter:label1\" content=\"Tiempo de lectura\" \/>\n\t<meta name=\"twitter:data1\" content=\"1 minuto\" \/>\n<script type=\"application\/ld+json\" class=\"yoast-schema-graph\">{\"@context\":\"https:\/\/schema.org\",\"@graph\":[{\"@type\":\"WebPage\",\"@id\":\"https:\/\/www.culturapesadamza.com\/?podcast=protesta-y-sobrevivi-los-chicos-subterraneos\",\"url\":\"https:\/\/www.culturapesadamza.com\/?podcast=protesta-y-sobrevivi-los-chicos-subterraneos\",\"name\":\"PROTESTA Y SOBREVIVI : LOS CHICOS SUBTERRANEOS - Cultura Pesada Mendoza Radio\",\"isPartOf\":{\"@id\":\"http:\/\/www.culturapesadamza.com\/#website\"},\"primaryImageOfPage\":{\"@id\":\"https:\/\/www.culturapesadamza.com\/?podcast=protesta-y-sobrevivi-los-chicos-subterraneos#primaryimage\"},\"image\":{\"@id\":\"https:\/\/www.culturapesadamza.com\/?podcast=protesta-y-sobrevivi-los-chicos-subterraneos#primaryimage\"},\"thumbnailUrl\":\"https:\/\/www.culturapesadamza.com\/wp-content\/uploads\/2025\/08\/1000130785.jpg\",\"datePublished\":\"2025-08-25T11:27:57+00:00\",\"breadcrumb\":{\"@id\":\"https:\/\/www.culturapesadamza.com\/?podcast=protesta-y-sobrevivi-los-chicos-subterraneos#breadcrumb\"},\"inLanguage\":\"es-AR\",\"potentialAction\":[{\"@type\":\"ReadAction\",\"target\":[\"https:\/\/www.culturapesadamza.com\/?podcast=protesta-y-sobrevivi-los-chicos-subterraneos\"]}]},{\"@type\":\"ImageObject\",\"inLanguage\":\"es-AR\",\"@id\":\"https:\/\/www.culturapesadamza.com\/?podcast=protesta-y-sobrevivi-los-chicos-subterraneos#primaryimage\",\"url\":\"https:\/\/www.culturapesadamza.com\/wp-content\/uploads\/2025\/08\/1000130785.jpg\",\"contentUrl\":\"https:\/\/www.culturapesadamza.com\/wp-content\/uploads\/2025\/08\/1000130785.jpg\",\"width\":1920,\"height\":1755},{\"@type\":\"BreadcrumbList\",\"@id\":\"https:\/\/www.culturapesadamza.com\/?podcast=protesta-y-sobrevivi-los-chicos-subterraneos#breadcrumb\",\"itemListElement\":[{\"@type\":\"ListItem\",\"position\":1,\"name\":\"Inicio\",\"item\":\"http:\/\/www.culturapesadamza.com\/\"},{\"@type\":\"ListItem\",\"position\":2,\"name\":\"Podcast\",\"item\":\"https:\/\/www.culturapesadamza.com\/?post_type=podcast\"},{\"@type\":\"ListItem\",\"position\":3,\"name\":\"PROTESTA Y SOBREVIVI : LOS CHICOS SUBTERRANEOS\"}]},{\"@type\":\"WebSite\",\"@id\":\"http:\/\/www.culturapesadamza.com\/#website\",\"url\":\"http:\/\/www.culturapesadamza.com\/\",\"name\":\"Cultura Pesada Mendoza Radio\",\"description\":\"La otra cara de la cultura...\",\"potentialAction\":[{\"@type\":\"SearchAction\",\"target\":{\"@type\":\"EntryPoint\",\"urlTemplate\":\"http:\/\/www.culturapesadamza.com\/?s={search_term_string}\"},\"query-input\":{\"@type\":\"PropertyValueSpecification\",\"valueRequired\":true,\"valueName\":\"search_term_string\"}}],\"inLanguage\":\"es-AR\"}]}<\/script>\n<!-- \/ Yoast SEO plugin. -->","yoast_head_json":{"title":"PROTESTA Y SOBREVIVI : LOS CHICOS SUBTERRANEOS - Cultura Pesada Mendoza Radio","robots":{"index":"index","follow":"follow","max-snippet":"max-snippet:-1","max-image-preview":"max-image-preview:large","max-video-preview":"max-video-preview:-1"},"canonical":"https:\/\/www.culturapesadamza.com\/?podcast=protesta-y-sobrevivi-los-chicos-subterraneos","og_locale":"es_ES","og_type":"article","og_title":"PROTESTA Y SOBREVIVI : LOS CHICOS SUBTERRANEOS - Cultura Pesada Mendoza Radio","og_description":"Por Federico Birkenfield &#8220;La gente saltaba desde el primer piso y del escenario con las botas para adelante, sin ning\u00fan miramiento. Pon\u00eda los pelos de punta, pero formaba parte del juego, no generaba peleas, era as\u00ed. Si quer\u00edas estar ah\u00ed has de correr riesgos, el baile es violento&#8221; As\u00ed se [&hellip;]","og_url":"https:\/\/www.culturapesadamza.com\/?podcast=protesta-y-sobrevivi-los-chicos-subterraneos","og_site_name":"Cultura Pesada Mendoza Radio","og_image":[{"width":1920,"height":1755,"url":"https:\/\/www.culturapesadamza.com\/wp-content\/uploads\/2025\/08\/1000130785.jpg","type":"image\/jpeg"}],"twitter_card":"summary_large_image","twitter_misc":{"Tiempo de lectura":"1 minuto"},"schema":{"@context":"https:\/\/schema.org","@graph":[{"@type":"WebPage","@id":"https:\/\/www.culturapesadamza.com\/?podcast=protesta-y-sobrevivi-los-chicos-subterraneos","url":"https:\/\/www.culturapesadamza.com\/?podcast=protesta-y-sobrevivi-los-chicos-subterraneos","name":"PROTESTA Y SOBREVIVI : LOS CHICOS SUBTERRANEOS - Cultura Pesada Mendoza Radio","isPartOf":{"@id":"http:\/\/www.culturapesadamza.com\/#website"},"primaryImageOfPage":{"@id":"https:\/\/www.culturapesadamza.com\/?podcast=protesta-y-sobrevivi-los-chicos-subterraneos#primaryimage"},"image":{"@id":"https:\/\/www.culturapesadamza.com\/?podcast=protesta-y-sobrevivi-los-chicos-subterraneos#primaryimage"},"thumbnailUrl":"https:\/\/www.culturapesadamza.com\/wp-content\/uploads\/2025\/08\/1000130785.jpg","datePublished":"2025-08-25T11:27:57+00:00","breadcrumb":{"@id":"https:\/\/www.culturapesadamza.com\/?podcast=protesta-y-sobrevivi-los-chicos-subterraneos#breadcrumb"},"inLanguage":"es-AR","potentialAction":[{"@type":"ReadAction","target":["https:\/\/www.culturapesadamza.com\/?podcast=protesta-y-sobrevivi-los-chicos-subterraneos"]}]},{"@type":"ImageObject","inLanguage":"es-AR","@id":"https:\/\/www.culturapesadamza.com\/?podcast=protesta-y-sobrevivi-los-chicos-subterraneos#primaryimage","url":"https:\/\/www.culturapesadamza.com\/wp-content\/uploads\/2025\/08\/1000130785.jpg","contentUrl":"https:\/\/www.culturapesadamza.com\/wp-content\/uploads\/2025\/08\/1000130785.jpg","width":1920,"height":1755},{"@type":"BreadcrumbList","@id":"https:\/\/www.culturapesadamza.com\/?podcast=protesta-y-sobrevivi-los-chicos-subterraneos#breadcrumb","itemListElement":[{"@type":"ListItem","position":1,"name":"Inicio","item":"http:\/\/www.culturapesadamza.com\/"},{"@type":"ListItem","position":2,"name":"Podcast","item":"https:\/\/www.culturapesadamza.com\/?post_type=podcast"},{"@type":"ListItem","position":3,"name":"PROTESTA Y SOBREVIVI : LOS CHICOS SUBTERRANEOS"}]},{"@type":"WebSite","@id":"http:\/\/www.culturapesadamza.com\/#website","url":"http:\/\/www.culturapesadamza.com\/","name":"Cultura Pesada Mendoza Radio","description":"La otra cara de la cultura...","potentialAction":[{"@type":"SearchAction","target":{"@type":"EntryPoint","urlTemplate":"http:\/\/www.culturapesadamza.com\/?s={search_term_string}"},"query-input":{"@type":"PropertyValueSpecification","valueRequired":true,"valueName":"search_term_string"}}],"inLanguage":"es-AR"}]}},"_links":{"self":[{"href":"https:\/\/www.culturapesadamza.com\/index.php?rest_route=\/wp\/v2\/podcast\/1157","targetHints":{"allow":["GET"]}}],"collection":[{"href":"https:\/\/www.culturapesadamza.com\/index.php?rest_route=\/wp\/v2\/podcast"}],"about":[{"href":"https:\/\/www.culturapesadamza.com\/index.php?rest_route=\/wp\/v2\/types\/podcast"}],"wp:featuredmedia":[{"embeddable":true,"href":"https:\/\/www.culturapesadamza.com\/index.php?rest_route=\/wp\/v2\/media\/1158"}],"wp:attachment":[{"href":"https:\/\/www.culturapesadamza.com\/index.php?rest_route=%2Fwp%2Fv2%2Fmedia&parent=1157"}],"wp:term":[{"taxonomy":"podcastfilter","embeddable":true,"href":"https:\/\/www.culturapesadamza.com\/index.php?rest_route=%2Fwp%2Fv2%2Fpodcastfilter&post=1157"}],"curies":[{"name":"wp","href":"https:\/\/api.w.org\/{rel}","templated":true}]}}

<div>Por Federico Birkenfield</div>
<div></div>
<div>&#8220;La gente saltaba desde el primer piso y del escenario con las botas para adelante, sin ningún miramiento. Ponía los pelos de punta, pero formaba parte del juego, no generaba peleas, era así. Si querías estar ahí has de correr riesgos, el baile es violento&#8221;</div>
<div>Así se expresaba el pequeño Jordi dueño de B-core disc(sello barcelonés de Hardcore punk) en su libro Harto de todo sobre su primer acercamiento al punk en un recital de Decibelios.</div>
<div>Aquí escucharemos la historia de Jordi y su pequeño sello, que logro atravesar fronteras basándose mas que nada en el &#8220;Do It Yourself&#8221; y la pasión por los sonidos revoltosos que escupia la urbe española.</div>
<div>ojala aprendamos algo de Jordi que pudiéndose quedar en el nicho en el que estuvo toda su vida se atrevió a buscar otras cosas e intereses para sumar a su sello sin comprometer la integridad del mismo</div>

<p>Por Federico Birkenfield &#8220;La gente saltaba desde el primer piso y del escenario con las botas para adelante, sin ningún miramiento. Ponía los pelos de punta, pero formaba parte del juego, no generaba peleas, era así. Si querías estar ahí has de correr riesgos, el baile es violento&#8221; Así se [&hellip;]</p>

<!-- This site is optimized with the Yoast SEO plugin v25.5 - https://yoast.com/wordpress/plugins/seo/ -->
<title>PROTESTA Y SOBREVIVI : LOS CHICOS SUBTERRANEOS - Cultura Pesada Mendoza Radio</title>
<meta name="robots" content="index, follow, max-snippet:-1, max-image-preview:large, max-video-preview:-1" />
<link rel="canonical" href="https://www.culturapesadamza.com/?podcast=protesta-y-sobrevivi-los-chicos-subterraneos" />
<meta property="og:locale" content="es_ES" />
<meta property="og:type" content="article" />
<meta property="og:title" content="PROTESTA Y SOBREVIVI : LOS CHICOS SUBTERRANEOS - Cultura Pesada Mendoza Radio" />
<meta property="og:description" content="Por Federico Birkenfield &#8220;La gente saltaba desde el primer piso y del escenario con las botas para adelante, sin ningún miramiento. Ponía los pelos de punta, pero formaba parte del juego, no generaba peleas, era así. Si querías estar ahí has de correr riesgos, el baile es violento&#8221; Así se [&hellip;]" />
<meta property="og:url" content="https://www.culturapesadamza.com/?podcast=protesta-y-sobrevivi-los-chicos-subterraneos" />
<meta property="og:site_name" content="Cultura Pesada Mendoza Radio" />
<meta property="og:image" content="https://www.culturapesadamza.com/wp-content/uploads/2025/08/1000130785.jpg" />
	<meta property="og:image:width" content="1920" />
	<meta property="og:image:height" content="1755" />
	<meta property="og:image:type" content="image/jpeg" />
<meta name="twitter:card" content="summary_large_image" />
<meta name="twitter:label1" content="Tiempo de lectura" />
	<meta name="twitter:data1" content="1 minuto" />
<script type="application/ld+json" class="yoast-schema-graph">{"@context":"https://schema.org","@graph":[{"@type":"WebPage","@id":"https://www.culturapesadamza.com/?podcast=protesta-y-sobrevivi-los-chicos-subterraneos","url":"https://www.culturapesadamza.com/?podcast=protesta-y-sobrevivi-los-chicos-subterraneos","name":"PROTESTA Y SOBREVIVI : LOS CHICOS SUBTERRANEOS - Cultura Pesada Mendoza Radio","isPartOf":{"@id":"http://www.culturapesadamza.com/#website"},"primaryImageOfPage":{"@id":"https://www.culturapesadamza.com/?podcast=protesta-y-sobrevivi-los-chicos-subterraneos#primaryimage"},"image":{"@id":"https://www.culturapesadamza.com/?podcast=protesta-y-sobrevivi-los-chicos-subterraneos#primaryimage"},"thumbnailUrl":"https://www.culturapesadamza.com/wp-content/uploads/2025/08/1000130785.jpg","datePublished":"2025-08-25T11:27:57+00:00","breadcrumb":{"@id":"https://www.culturapesadamza.com/?podcast=protesta-y-sobrevivi-los-chicos-subterraneos#breadcrumb"},"inLanguage":"es-AR","potentialAction":[{"@type":"ReadAction","target":["https://www.culturapesadamza.com/?podcast=protesta-y-sobrevivi-los-chicos-subterraneos"]}]},{"@type":"ImageObject","inLanguage":"es-AR","@id":"https://www.culturapesadamza.com/?podcast=protesta-y-sobrevivi-los-chicos-subterraneos#primaryimage","url":"https://www.culturapesadamza.com/wp-content/uploads/2025/08/1000130785.jpg","contentUrl":"https://www.culturapesadamza.com/wp-content/uploads/2025/08/1000130785.jpg","width":1920,"height":1755},{"@type":"BreadcrumbList","@id":"https://www.culturapesadamza.com/?podcast=protesta-y-sobrevivi-los-chicos-subterraneos#breadcrumb","itemListElement":[{"@type":"ListItem","position":1,"name":"Inicio","item":"http://www.culturapesadamza.com/"},{"@type":"ListItem","position":2,"name":"Podcast","item":"https://www.culturapesadamza.com/?post_type=podcast"},{"@type":"ListItem","position":3,"name":"PROTESTA Y SOBREVIVI : LOS CHICOS SUBTERRANEOS"}]},{"@type":"WebSite","@id":"http://www.culturapesadamza.com/#website","url":"http://www.culturapesadamza.com/","name":"Cultura Pesada Mendoza Radio","description":"La otra cara de la cultura...","potentialAction":[{"@type":"SearchAction","target":{"@type":"EntryPoint","urlTemplate":"http://www.culturapesadamza.com/?s={search_term_string}"},"query-input":{"@type":"PropertyValueSpecification","valueRequired":true,"valueName":"search_term_string"}}],"inLanguage":"es-AR"}]}</script>
<!-- / Yoast SEO plugin. -->

Por Federico Birkenfield &#8220;La gente saltaba desde el primer piso y del escenario con las botas para adelante, sin ningún miramiento. Ponía los pelos de punta, pero formaba parte del juego, no generaba peleas, era así. Si querías estar ahí has de correr riesgos, el baile es violento&#8221; Así se [&hellip;]
